e factors of 2020.
2, 5, 101
List the prime factors of 6482.
2, 7, 463
List the prime factors of 42378.
2, 3, 7, 1009
List the prime factors of 40728.
2, 3, 1697
List the prime factors of 2220.
2, 3, 5, 37
List the prime factors of 946.
2, 11, 43
List the prime factors of 111.
3, 37
What are the prime factors of 14900?
2, 5, 149
List the prime factors of 14015.
5, 2803
List the prime factors of 811.
811
List the prime factors of 14226.
2, 3, 2371
List the prime factors of 48234.
2, 3, 8039
List the prime factors of 33.
3, 11
List the prime factors of 20.
2, 5
List the prime factors of 916.
2, 229
What are the prime factors of 1460?
2, 5, 73
List the prime factors of 153.
3, 17
What are the prime factors of 114462?
2, 3, 6359
What are the prime factors of 470?
2, 5, 47
List the prime factors of 57876.
2, 3, 7, 13, 53
What are the prime factors of 26827?
139, 193
List the prime factors of 30.
2, 3, 5
List the prime factors of 19242.
2, 3, 1069
List the prime factors of 41.
41
List the prime factors of 9993.
3, 3331
What are the prime factors of 24271?
13, 1867
What are the prime factors of 190817?
11, 19, 83
List the prime factors of 25388.
2, 11, 577
List the prime factors of 90266.
2, 11, 373
List the prime factors of 126700.
2, 5, 7, 181
What are the prime factors of 911?
911
What are the prime factors of 128?
2
What are the prime factors of 1049?
1049
What are the prime factors of 4502?
2, 2251
List the prime factors of 1620.
2, 3, 5
What are the prime factors of 37917?
3, 11, 383
List the prime factors of 114219.
3, 7, 37
What are the prime factors of 31980?
2, 3, 5, 13, 41
What are the prime factors of 1925?
5, 7, 11
What are the prime factors of 15708?
2, 3, 7, 11, 17
What are the prime factors of 13688?
2, 29, 59
List the prime factors of 42192.
2, 3, 293
What are the prime factors of 3005?
5, 601
What are the prime factors of 37207?
29, 1283
What are the prime factors of 23717?
37, 641
What are the prime factors of 11421?
3, 47
List the prime factors of 1486.
2, 743
What are the prime factors of 131413?
131413
What are the prime factors of 16751?
7, 2393
List the prime factors of 748.
2, 11, 17
What are the prime factors of 2054?
2, 13, 79
What are the prime factors of 63148?
2, 15787
What are the prime factors of 5832?
2, 3
What are the prime factors of 419?
419
What are the prime factors of 100?
2, 5
List the prime factors of 72434.
2, 36217
What are the prime factors of 5397?
3, 7, 257
What are the prime factors of 42223?
42223
What are the prime factors of 24302?
2, 29, 419
What are the prime factors of 5291?
11, 13, 37
List the prime factors of 9833.
9833
List the prime factors of 5074.
2, 43, 59
List the prime factors of 8916.
2, 3, 743
What are the prime factors of 4682?
2, 2341
What are the prime factors of 726?
2, 3, 11
List the prime factors of 645.
3, 5, 43
What are the prime factors of 345?
3, 5, 23
List the prime factors of 753.
3, 251
What are the prime factors of 409?
409
What are the prime factors of 1096?
2, 137
List the prime factors of 1166.
2, 11, 53
List the prime factors of 95196.
2, 3, 7933
What are the prime factors of 18082?
2, 9041
List the prime factors of 514.
2, 257
What are the prime factors of 5770?
2, 5, 577
List the prime factors of 5436.
2, 3, 151
List the prime factors of 4478.
2, 2239
List the prime factors of 820.
2, 5, 41
What are the prime factors of 102878?
2, 51439
What are the prime factors of 1444?
2, 19
What are the prime factors of 18800?
2, 5, 47
What are the prime factors of 2354?
2, 11, 107
What are the prime factors of 67?
67
List the prime factors of 780.
2, 3, 5, 13
What are the prime factors of 248?
2, 31
What are the prime factors of 35885?
5, 7177
What are the prime factors of 12538?
2, 6269
What are the prime factors of 6605?
5, 1321
What are the prime factors of 3075?
3, 5, 41
What are the prime factors of 2494?
2, 29, 43
List the prime factors of 60620.
2, 5, 7, 433
List the prime factors of 125.
5
What are the prime factors of 13534?
2, 67, 101
What are the prime factors of 215?
5, 43
What are the prime factors of 731?
17, 43
What are the prime factors of 3058?
2, 11, 139
What are the prime factors of 3927?
3, 7, 11, 17
What are the prime factors of 855?
3, 5, 19
List the prime factors of 15361.
15361
List the prime factors of 5054.
2, 7, 19
List the prime factors of 141.
3, 47
What are the prime factors of 115150?
2, 5, 7, 47
List the prime factors of 21523.
21523
List the prime factors of 25580.
2, 5, 1279
List the prime factors of 5712.
2, 3, 7, 17
What are the prime factors of 1139?
17, 67
What are the prime factors of 271?
271
What are the prime factors of 1125?
3, 5
List the prime factors of 8240.
2, 5, 103
List the prime factors of 6553.
6553
List the prime factors of 85446.
2, 3, 47, 101
What are the prime factors of 33393?
3, 11131
What are the prime factors of 3014?
2, 11, 137
What are the prime factors of 1647?
3, 61
List the prime factors of 1807.
13, 139
List the prime factors of 299.
13, 23
List the prime factors of 3698.
2, 43
What are the prime factors of 16913?
13, 1301
What are the prime factors of 1759?
1759
What are the prime factors of 686?
2, 7
List the prime factors of 9525.
3, 5, 127
What are the prime factors of 2259?
3, 251
What are the prime factors of 2062?
2, 1031
What are the prime factors of 10516?
2, 11, 239
List the prime factors of 179.
179
What are the prime factors of 6832?
2, 7, 61
List the prime factors of 20939.
20939
List the prime factors of 6125.
5, 7
List the prime factors of 2677.
2677
List the prime factors of 21199.
17, 29, 43
List the prime factors of 691.
691
List the prime factors of 8926.
2, 4463
What are the prime factors of 2134?
2, 11, 97
What are the prime factors of 31953?
3, 10651
List the prime factors of 3802.
2, 1901
What are the prime factors of 2415?
3, 5, 7, 23
What are the prime factors of 8309?
7, 1187
What are the prime factors of 12020?
2, 5, 601
List the prime factors of 10273.
10273
List the prime factors of 9355.
5, 1871
What are the prime factors of 192?
2, 3
What are the prime factors of 1130?
2, 5, 113
List the prime factors of 129742.
2, 64871
What are the prime factors of 1737?
3, 193
What are the prime factors of 9958?
2, 13, 383
What are the prime factors of 552?
2, 3, 23
What are the prime factors of 873?
3, 97
List the prime factors of 19394.
2, 9697
List the prime factors of 5515.
5, 1103
List the prime factors of 155979.
3, 53, 109
List the prime factors of 221.
13, 17
What are the prime factors of 17887?
31, 577
List the prime factors of 285.
3, 5, 19
What are the prime factors of 8902?
2, 4451
What are the prime factors of 809?
809
List the prime factors of 2095.
5, 419
List the prime factors of 51095.
5, 11, 929
What are the prime factors of 18578?
2, 7, 1327
What are the prime factors of 10566?
2, 3, 587
List the prime factors of 7712.
2, 241
What are the prime factors of 57952?
2, 1811
List the prime factors of 57495.
3, 5, 3833
List the prime factors of 145.
5, 29
List the prime factors of 339.
3, 113
List the prime factors of 11771.
79, 149
What are the prime factors of 15?
3, 5
What are the prime factors of 3597?
3, 11, 109
What are the prime factors of 505?
5, 101
List the prime factors of 499.
499
List the prime factors of 6167.
7, 881
List the prime factors of 16051.
7, 2293
List the prime factors of 82925.
5, 31, 107
List the prime factors of 46336.
2, 181
List the prime factors of 2144.
2, 67
What are the prime factors of 20695?
5, 4139
List the prime factors of 848.
2, 53
List the prime factors of 36724.
2, 9181
List the prime factors of 5343.
3, 13, 137
List the prime factors of 524.
2, 131
What are the prime factors of 91811?
91811
What are the prime factors of 2119?
13, 163
What are the prime factors of 1217?
1217
List the prime factors of 3423.
3, 7, 163
What are the prime factors of 93230?
2, 5, 9323
What are the prime factors of 4543?
7, 11, 59
What are the prime factors of 53286?
2, 3, 83, 107
List the prime factors of 1691.
19, 89
What are the prime factors of 2384?
2, 149
What are the prime factors of 112487?
197, 571
What are the prime factors of 2586?
2, 3, 431
List the prime factors of 2995.
5, 599
List the prime factors of 1007.
19, 53
List the prime factors of 7522.
2,